)/(-25))?
4
Let r be -1 + (-8)/12*39/(-2). Let j(n) = n**3 - 13*n**2 + 11*n + 24. Let q be j(r). Suppose q = -7*v + 40. What is the units digit of v?
4
Let s(f) = -6*f**3 + 15*f**2 + 7*f + 22. Let k(i) = -7*i**3 + 16*i**2 + 9*i + 23. Let y(v) = 5*k(v) - 6*s(v). What is the tens digit of y(11)?
3
Let v = 90687 - 53264. What is the hundreds digit of v?
4
Let q(x) = -x**3 - x**2 - x + 36637. What is the thousands digit of q(0)?
6
Suppose z - 6045 - 11393 = -5*y, y = -4*z + 69638. What is the tens digit of z?
0
Let v = -22167 + 31860. What is the units digit of v?
3
Let d be 4/(-20) + 1144/20. Suppose 8 + d = 5*p. Suppose -h - p = -47. What is the units digit of h?
4
Let u(l) = l**3 + 27*l**2 + 4*l + 112. Let s be u(-27). What is the hundreds digit of 1893/s + 3/(-12)?
4
Suppose 0 = 273*u - 274*u + 566. Suppose -u = 5*c - 2171. What is the tens digit of c?
2
Let h = -36 - -33. Let t be (5 - (2 - 3)) + h. Suppose 4*w + s = -4*s + 320, 229 = t*w + s. What is the tens digit of w?
7
Suppose 0 = 25*y - 15699 + 874. Suppose y = z + 138. What is the tens digit of z?
5
Suppose -5*j + 2*t - t = 104, 2*j + 4*t + 46 = 0. Let i = 17 + j. Let k(m) = -m**3 - m**2 + m + 7. What is the tens digit of k(i)?
5
Let y(m) be the second derivative of -12*m - 5/12*m**4 + 0 - 1/2*m**3 - 1/20*m**5 + 2*m**2. What is the tens digit of y(-6)?
5
Suppose 246452 = 5*s - 2*z, -4*s + 4*z + 197146 = 5*z. What is the tens digit of s?
8
Suppose 4*c + 26*b - 130373 = 29*b, 2*b = -4*c + 130398. What is the hundreds digit of c?
5
Suppose -10*r = -7*r + 12. Let d be 120/3 + -4 - r/(-1). Let m = -9 + d. What is the tens digit of m?
2
Let y be (-3)/(-18) + 1958/(-12). Let r(q) = q**3 + 3*q**2 - 17*q - 92. Let o be r(-5). Let i = o - y. What is the tens digit of i?
0
Let r be (-5 - (-7 - -4)) + -2. What is the units digit of r/((-2)/6*(-15)/(-1130))?
4
Let n(c) = -19*c**2 + 8*c - 7. Let o be n(5). Let l = o + 644. What is the tens digit of l?
0
Let g(x) = 12*x**2 + 40*x + 32. Let v be g(22). Suppose -t + v = 7*t. Suppose 43*j = 38*j + t. What is the tens digit of j?
6
Suppose -169 - 1141 = 2*k + 2*h, -h + 1945 = -3*k. Let s = 958 + k. What is the hundreds digit of s?
3
Let y = 252 - 118. Let q = y + -142. Let u(h) = -19*h - 3. What is the hundreds digit of u(q)?
1
Let z = 4804 + -1028. What is the tens digit of z?
7
Let k(m) = 2*m**2 - 89*m + 29869. What is the tens digit of k(0)?
6
Suppose 5*a + h = -4*h + 30, -a = -2*h. Suppose -4*i + 16 = 0, a*i + 28 = -4*p + 5*p. What is the tens digit of p?
4
Let d(k) = k**2 - k - 24. Let r be d(6). Suppose r*l - 14 - 10 = 0. Suppose l*h - 62 = 58. What is the units digit of h?
0
What is the hundreds digit of 14 + 78256 - (672/147 + (-3)/(-7))?
2
Let v(b) = -2*b + 19. Let f be v(8). Suppose -w = 2*a - 3*a + 106, -215 = -2*a + f*w. Let x = a + 53. What is the units digit of x?
6
Suppose 0*y = 5*y + 4*l - 140, -4*l + 92 = 3*y. Suppose 4497 = y*q + 609. What is the tens digit of q?
6
Let r = 20740 - 1969. What is the ten thousands digit of r?
1
What is the thousands digit of (1210/(-4) - 5)*(-840)/36?
7
Let l = -35623 - -51138. What is the hundreds digit of l?
5
Let g(x) = 2*x**3 - 11*x**2 + 2*x + 25. Let s = -385 + 392. What is the hundreds digit of g(s)?
1
Let c(v) = v**3 + 8*v**2 - 2*v - 6. Let u = 43 - 35. Let q be ((-18)/u)/(33/88). What is the units digit of c(q)?
8
Let k = 7962 - 2107. What is the thousands digit of k?
5
Let q = -219 - -209. What is the units digit of 8/q + (-174)/(-30) - -256?
1
Let m = 5026 - -36904. What is the hundreds digit of m?
9
What is the thousands digit of 2 + (15 - 19) + (3344 - (-6)/(-3))?
3
What is the hundreds digit of 6 + (8 - -42716) + 0 + (1 - -6)?
7
Suppose -144410 = -3*l - 4*a, 138*l + 5*a = 142*l - 192464. What is the hundreds digit of l?
1
Let w = -134 + 50. Let m = w - -88. Suppose m*t = 5*t - 4*k - 173, 5*t - 789 = k. What is the hundreds digit of t?
1
Suppose 47*j - 621365 + 402563 = 782533. What is the tens digit of j?
0
Let l(k) = -k**2 + 10*k - 3. Let z = 114 - 105. Let o be l(z). What is the hundreds digit of (4/o)/((-26)/(-6591))?
1
Let c = 639 + -645. What is the tens digit of 298*(c/33 - 74/(-44))?
4
Let w = -94 + 93. What is the hundreds digit of 1220 + w - (0 - 3)?
2
Let r be (15/40*-2)/((-4)/(-64)). What is the units digit of (1056/10 - 3) + r/(-30)?
3
Let g(k) = 7*k**2 - 7*k + 23. Let s be g(8). Let a = s + -236. What is the tens digit of a?
7
Let n(s) = -s**3 - 20*s**2 + 24*s + 27. Let d be n(-19). What is the tens digit of d/(-3 + 2)*10/25?
1
Let q(v) = 216*v**2 - 74*v - 6. What is the thousands digit of q(4)?
3
What is the ten thousands digit of 12/(-28) + (-8 - 234412/(-7))?
3
Suppose -9 = 2*a - 5*t, -4*t + 15 = a - 0*t. What is the units digit of (a + -14 + 13)/((-2)/(-54))?
4
Let x = 54121 + -11235. What is the hundreds digit of x?
8
Let v(i) = 53*i**2 + 6*i + 13. Let f be 8/7*((-154)/4)/(-11). What is the units digit of v(f)?
5
Let a = 108 + -89. Let s(z) = 2*z - 36. Let w be s(a). What is the units digit of (31/(-5))/(w - (-44)/(-20))?
1
Let v = 30 - 26. Let m be 9/12 + 69/v. What is the hundreds digit of 3540/m - 3/(-9)?
1
Let l be 9*(-1)/(-2)*(-2 + 4). Suppose l*q - 169 = 8228. What is the tens digit of q?
3
Let x(g) be the first derivative of 3*g**2/2 + 21*g - 12. Let d be x(-7). Suppose -8 = 4*p, -3*p = -5*c - d*p + 486. What is the units digit of c?
6
Let y(k) = -7*k + 48. Let t be y(12). What is the tens digit of (4149/t)/((-3)/12)?
6
Let a be 3/2 + 16/32. Suppose 936 = a*f - 30. Suppose -4*j = 35 - f. What is the units digit of j?
2
Suppose -u + 1513 = y, 7 = -u + 2. What is the tens digit of y?
1
Suppose 21*k + 9858 = 15*k. Let g = -461 - k. What is the units digit of g?
2
Suppose -286*q + 284*q = -420. What is the tens digit of (24/(-20))/((-4)/q)?
6
Let w(z) = 198*z**2 + 12*z + 15. Let a be w(-3). Suppose -249 = i - p - 598, -5*i + p = -a. What is the tens digit of i?
5
Let l = -180 + 160. What is the hundreds digit of 3/(18/(-15))*2528/l?
3
Suppose 18 = -2*s + 8*s. Suppose s*y = 3*o + 9, -5 = 5*y + 2*o + 1. What is the tens digit of (1 + y + 9/(-18))*26?
1
Let p = -60951 + 92603. What is the hundreds digit of p?
6
Suppose -6752116 = -161*b + 54*b - 768890. What is the tens digit of b?
1
Let s(y) = 3*y**3 + 2*y**2 - 4*y + 2. Let a be s(1). Suppose -27*w - a = -26*w. What is the units digit of (-348)/w + (-8 - -7)?
5
Suppose -3*r = -c - 2*c - 2607, 2*r - 4*c - 1742 = 0. Suppose -2*j = 2*i - 1040, 3*i - 2407 = j - r. What is the hundreds digit of i?
5
Let t(z) = 7*z - 98. Let y be t(13). What is the tens digit of 5 + y - -546 - 4?
4
What is the units digit of (4131/(-68))/((-7)/84)?
9
Let w(b) = -b**2 - 10*b - 28. Let z be w(-6). What is the units digit of (z - 66/(-9))/(4/438)?
5
Suppose 0 = -t - 2*p + 5423, 2*p - 10670 = 4*t - 32352. What is the thousands digit of t?
5
Let h be (-1 + (-96)/30)/((-1)/60). Suppose h = -2*b + 9*b. What is the tens digit of b?
3
Let k(a) = -124*a**2 + 9*a - 9. Let w be k(2). Let o = 1217 + w. What is the units digit of o?
0
Let r(a) = a**3 + 7*a**2 + 8*a + 14. Let w = -60 + 54. Let b be r(w). Suppose 50 = b*g - 146. What is the tens digit of g?
9
Suppose 5*p + 4*n - 96910 = 0, -133*n = -129*n. What is the thousands digit of p?
9
Let x = 400 - 256. What is the units digit of (-6206)/(-8) + 36/x?
6
Let a be -1 + 1 - (-3 - (11 - 12)). What is the tens digit of 7 + -6 + a + 1 + 281?
8
Let g = -29477 - -32685. What is the units digit of g?
8
Suppose 0 = -13*a + 3434 + 4197. Let x = a + -47. What is the tens digit of x?
4
What is the units digit of (-286285)/(-20) - 96/384?
4
Suppose -52*s - 34*s = 170*s - 3353344. What is the units digit of s?
9
Suppose -67 - 8 = -15*k. Suppose 0 = 5*v + 5, -k*v - 271 - 354 = -4*x. What is the hundreds digit of x?
1
Suppose 4*h - 151*j + 152*j = 25692, 5*h = -2*j + 32118. What is the tens digit of h?
2
Let z = -778 - -1146. Suppose -5*h = -3*h - z. What is the hundreds digit of h?
1
Let l(m) be the first derivative of 7/2*m**2 + 42*m - 23. What is the tens digit of l(21)?
8
Let y(r) = 67*r + 258. Let a(w) = -22*w - 86. Let v(c) = -8*a(c) - 3*y(c). What is the hundreds digit of v(-11)?
1
Suppose -137*t = -116*t - 189651. What is the thousands digit of t?
9
Suppose -3*z - 93*j + 89*j + 33135 = 0, 2*j - 12 = 0. What is